
23
Calculate the greatest common divisor of 2331 and 542457.
333
Calculate the highest common factor of 41 and 44813.
41
Calculate the greatest common divisor of 105 and 498267.
21
Calculate the greatest common divisor of 9 and 11133.
9
Calculate the greatest common divisor of 2236 and 8292206.
1118
Calculate the highest common factor of 46 and 6515141.
23
Calculate the greatest common factor of 20 and 41770.
10
Calculate the greatest common factor of 202 and 217453.
101
Calculate the greatest common divisor of 100 and 49960.
20
Calculate the highest common divisor of 760 and 125000.
40
What is the highest common divisor of 63058 and 164?
82
Calculate the highest common factor of 684 and 636.
12
Calculate the greatest common divisor of 102 and 17697.
51
What is the greatest common divisor of 1284 and 324?
12
Calculate the greatest common factor of 28496 and 2392.
104
Calculate the highest common divisor of 6751 and 301.
43
What is the greatest common divisor of 10 and 7375?
5
What is the greatest common divisor of 81 and 1983123?
81
Calculate the highest common factor of 3126 and 282.
6
What is the highest common divisor of 485016 and 672?
168
Calculate the highest common factor of 23720 and 100.
20
Calculate the greatest common factor of 110 and 33539.
11
Calculate the highest common divisor of 140 and 2085230.
70
What is the highest common divisor of 42 and 236194?
14
What is the highest common divisor of 1150 and 29670?
230
Calculate the greatest common divisor of 35 and 398209.
7
Calculate the highest common factor of 26 and 3978.
26
Calculate the highest common divisor of 99148 and 56.
28
What is the greatest common divisor of 513 and 2413?
19
What is the highest common divisor of 15403 and 11183?
211
What is the greatest common factor of 435 and 673235?
145
What is the highest common divisor of 4624 and 1122?
34
What is the greatest common divisor of 62 and 693?
1
Calculate the greatest common factor of 54 and 204822.
54
Calculate the highest common factor of 17376 and 1056.
96
Calculate the greatest common divisor of 153 and 109123.
17
What is the greatest common factor of 27859 and 13?
13
What is the greatest common factor of 210 and 2786?
14
Calculate the greatest common divisor of 223261 and 2284.
571
What is the greatest common divisor of 11094 and 27348?
258
What is the highest common divisor of 540 and 128700?
180
What is the greatest common factor of 9481 and 1121?
19
Calculate the highest common divisor of 409 and 674441.
409
What is the greatest common divisor of 11200 and 2065?
35
What is the highest common factor of 11546 and 2668?
46
What is the greatest common factor of 70 and 294938?
14
What is the highest common divisor of 71839 and 76?
19
What is the highest common divisor of 9 and 1979?
1
What is the highest common divisor of 13 and 292513?
13
What is the greatest common divisor of 360 and 79848?
72
Calculate the highest common divisor of 1998 and 5846.
74
Calculate the greatest common divisor of 25137 and 81928.
931
Calculate the greatest common divisor of 17545 and 10835.
55
What is the highest common factor of 294 and 55482?
42
Calculate the highest common divisor of 7574 and 333797.
541
What is the greatest common divisor of 309655 and 680?
85
Calculate the greatest common factor of 956 and 972.
4
Calculate the highest common factor of 55112 and 8.
8
What is the highest common factor of 840469 and 7?
7
Calculate the greatest common divisor of 49 and 84329.
49
Calculate the greatest common factor of 20 and 1002415.
5
Calculate the greatest common factor of 321930 and 365.
365
What is the highest common factor of 693 and 26103?
231
What is the highest common factor of 263295 and 150?
15
Calculate the greatest common factor of 1214536 and 24.
8
Calculate the highest common divisor of 55 and 134585.
55
What is the greatest common factor of 2448 and 3888?
144
What is the greatest common factor of 83305 and 25?
5
Calculate the greatest common divisor of 3503 and 35619.
31
What is the greatest common factor of 755695 and 15577?
421
Calculate the greatest common divisor of 2334 and 18.
6
What is the highest common divisor of 10999 and 2686?
17
Calculate the greatest common divisor of 12 and 16364.
4
Calculate the highest common divisor of 13 and 117442.
13
What is the highest common factor of 351 and 1272258?
117
What is the highest common divisor of 3094 and 644878?
442
What is the greatest common factor of 31664 and 112?
16
What is the greatest common factor of 64 and 37520?
16
What is the highest common factor of 5336 and 1288?
184
Calculate the greatest common divisor of 72756 and 109908.
1548
Calculate the greatest common divisor of 2 and 129464.
2
What is the highest common divisor of 549 and 89055?
9
Calculate the highest common factor of 1639 and 99.
11
What is the greatest common divisor of 1340 and 6036030?
670
Calculate the greatest common divisor of 34 and 194378.
34
What is the greatest common factor of 64896 and 24?
24
What is the greatest common factor of 68 and 3394492?
68
What is the highest common divisor of 6462 and 1956?
6
Calculate the highest common divisor of 364749 and 33.
33
Calculate the highest common factor of 18278 and 3952.
494
What is the highest common divisor of 39 and 134173?
13
What is the greatest common divisor of 619020 and 15?
15
Calculate the greatest common divisor of 1848 and 147378.
462
Calculate the highest common divisor of 980 and 3395.
35
What is the highest common factor of 3531 and 23562?
33
What is the greatest common factor of 461772 and 8?
4
Calculate the greatest common divisor of 120 and 621420.
60
What is the greatest common factor of 1020 and 57660?
60
Calculate the highest common factor of 262464 and 4.
4
Calculate the greatest common divisor of 8468 and 17812.
292
Calculate the highest common factor of 1292 and 859826.
646
Calculate the highest common divisor of 286 and 2003573.
143
Calculate the greatest common divisor of 28 and 6132.
28
Calculate the greatest common divisor of 1739 and 74666.
37
Calculate the greatest common factor of 60 and 190090.
10
What is the greatest common divisor of 94 and 192512?
94
Calculate the greatest common divisor of 9393 and 3720.
93
Calculate the highest common factor of 56500 and 1125.
125
What is the greatest common divisor of 285587 and 1939?
277
Calculate the highest common divisor of 630 and 534800.
70
Calculate the highest common divisor of 10298 and 18970.
542
Calculate the highest common divisor of 80682 and 42.
42
Calculate the greatest common factor of 193 and 130854.
193
Calculate the greatest common divisor of 323173 and 115.
23
Calculate the greatest common factor of 27791 and 1.
1
What is the greatest common factor of 350 and 104750?
50
Calculate the greatest common divisor of 6811 and 7301.
49
Calculate the greatest common factor of 40702 and 329.
47
Calculate the highest common factor of 2556 and 159111.
639
Calculate the greatest common divisor of 7750 and 1240.
310
What is the highest common divisor of 1792 and 41056?
32
Calculate the greatest common factor of 66 and 61050.
66
Calculate the greatest common factor of 4990 and 1030.
10
What is the greatest common divisor of 6669 and 2717?
247
What is the greatest common divisor of 182584 and 29?
29
What is the highest common factor of 5776 and 1648?
16
What is the highest common factor of 60 and 3855?
15
Calculate the greatest common factor of 140 and 332060.
20
What is the greatest common factor of 208230 and 5610?
330
Calculate the highest common divisor of 15849 and 6457.
587
What is the greatest common factor of 5311 and 3051?
113
What is the greatest common divisor of 35465 and 16605?
205
What is the greatest common factor of 102376 and 1139?
67
Calculate the highest common divisor of 534 and 754898.
178
What is the highest common factor of 229470 and 300?
30
Calculate the greatest common divisor of 14 and 559104.
14
What is the highest common divisor of 270655 and 28?
7
What is the highest common divisor of 1698451 and 149?
149
Calculate the highest common divisor of 3611904 and 4.
4
Calculate the highest common divisor of 111 and 173493.
111
Calculate the highest common factor of 2481195 and 7155.
795
What is the greatest common divisor of 1184 and 904?